-1) + (-2)/(-2) + 37?
2, 19
Suppose 1095 = 3*r + 19*w - 20*w, r + w = 365. List the prime factors of r.
5, 73
Let h(t) = 7*t**2 - 17*t - 10. Suppose -1 = -5*g + 4. Let j(d) = d**2 - d. Let s(m) = g*h(m) - 6*j(m). What are the prime factors of s(13)?
2
Let a(y) = 656*y**2 + 14*y + 13. What are the prime factors of a(-1)?
5, 131
What are the prime factors of (-170 + 29)/((-3)/13)?
13, 47
Let h(z) = -1 + 125 + z**2 - 8. Let r be h(0). Let k = -75 + r. What are the prime factors of k?
41
Let h = 259 + 150. List the prime factors of h.
409
Let h = -563 - -1041. Suppose -5*q - h = -1373. List the prime factors of q.
179
Let v(u) = u**3 + 24*u**2 - u - 18. Let r be v(-24). Suppose r*j = 195 - 57. List the prime factors of j.
23
Let u = -139 + 143. Suppose 3*h = -u*a + 298 + 45, 15 = 3*h. List the prime factors of a.
2, 41
Let x = 202 + 439. List the prime factors of x.
641
Let c = 1 + 2. Let b = 3 - c. What are the prime factors of (10 - b) + (4 - 4)?
2, 5
Suppose 60 = 7*v - 19*v. List the prime factors of v/(-2)*4/20*164.
2, 41
Let d(v) = -5*v + 8. Let p(m) = 9*m - 16. Let o(n) = 11*d(n) + 6*p(n). What are the prime factors of o(-20)?
2, 3
Let x(t) = 3 + 3 - 4 - t**2 + 4*t - 3*t. Let r be x(-1). Let j(z) = -z**2 + 3. List the prime factors of j(r).
3
Suppose 171*n = 158*n + 1547. What are the prime factors of n?
7, 17
Let d(o) = 12*o + 27. Let j = 71 - 61. What are the prime factors of d(j)?
3, 7
Let m = 24 + -68. Let b = 41 - m. List the prime factors of b.
5, 17
Suppose 4*t = 3*w + 1695, 7*t = 3*t - 4*w + 1688. What are the prime factors of t?
3, 47
Let j = 25 - 21. Suppose 0 = -j*k - k + 415. What are the prime factors of k?
83
Let b = -1369 - -2466. List the prime factors of b.
1097
Let h(p) = -p**3 - 14*p**2 - 7*p + 1. Let o(q) = q**2. Let y(z) = -h(z) - 5*o(z). Let b(i) = -i - 10. Let s be b(-2). What are the prime factors of y(s)?
7
Suppose 3*a = 6*n - n - 2199, 2*a = n - 437. What are the prime factors of n?
3, 7
Let n = 565 + -300. What are the prime factors of n?
5, 53
Let i = 212 - 46. Suppose 3*r - 3*z - i = z, 134 = 3*r + 4*z. List the prime factors of r.
2, 5
Let m(k) = -21*k**2 + 3*k - 11. Let h(f) = 20*f**2 - 3*f + 10. Let g(s) = 5*h(s) + 4*m(s). What are the prime factors of g(4)?
2, 5
Suppose -535*x + 9056 = -527*x. List the prime factors of x.
2, 283
Let c = 363 + 102. What are the prime factors of c?
3, 5, 31
Let q(v) = -6*v + 7 - v**2 + 2*v**2 + 0*v. Let l be q(5). List the prime factors of l/7 - (-816)/84.
2, 5
Let m(y) = -3*y**2 - 4*y + 4 + 0*y**2 + 4*y**2. Let s be m(4). Suppose -s = -3*d + 62. What are the prime factors of d?
2, 11
Let t(z) = z**3 + z**2 - 10*z + 10. Let a be t(6). Let b = a + -90. What are the prime factors of b?
2, 7
Suppose 5*g - 55 = u, 0 = -3*u - 6*g + 3*g - 129. What are the prime factors of 26/(9/(u/(-10)))?
13
Let y = 404 + 52. Suppose -y = -4*l - 76. List the prime factors of l.
5, 19
Let n(p) = p**3 + 6*p**2 + 11*p + 12. Let w be n(-4). Suppose 2*z + u - 494 + 189 = w, 758 = 5*z - 2*u. What are the prime factors of z?
2, 19
Let x = -527 - -1168. What are the prime factors of x?
641
Suppose 0 = -48*l + 3*l + 109755. What are the prime factors of l?
3, 271
Let p be 14*(0 - -1)*10/35. Suppose -p*d = -3*w - 633 - 88, 164 = d - 4*w. List the prime factors of d.
2, 23
Suppose -4*z - 8 = 0, -5*z - 552 = 30*x - 32*x. What are the prime factors of x?
271
Suppose -h + 4*h + 3*j - 15 = 0, -4*h + 15 = 5*j. Suppose 5*c + 1395 = h*c. List the prime factors of c.
3, 31
Let m(s) = -105*s**3 + 10*s + 12. What are the prime factors of m(-2)?
2, 13
Suppose 3*q - 238 = -v, 3*v = -q + 8*v + 90. Let r = q + -44. List the prime factors of r.
2, 3
Let f = 1609 + -197. List the prime factors of f.
2, 353
Suppose 5*n = -2*q - 2 + 4, -q + 1 = 3*n. What are the prime factors of (n - -1)/(-1)*-67?
67
Suppose 54*l - 57*l = -1311. List the prime factors of l.
19, 23
List the prime factors of (1329/12 - 0)/(41/1804).
11, 443
Let v be (-8)/(-2) - (-12)/(-3). Suppose -2*r - 6*r + 176 = v. List the prime factors of r.
2, 11
Suppose -6*a + 0*a + 30 = 0. Let k be ((-3)/((-3)/2))/2. Let s = k + a. What are the prime factors of s?
2, 3
Let w(q) = q**3 - 7*q**2 - 15*q - 16. Let u(z) = 10*z**2 - z + 2. Let m be u(1). Let r be w(m). List the prime factors of (-10)/15 - r/(-9).
3, 11
Let t = 16 + -14. Suppose 0 = -0*n - t*n - 26. Let k = 21 + n. List the prime factors of k.
2
Let a be 1/3 - 7/21. Suppose a = -w + 4*g + 131, -2*g = -2*w + 3*w - 149. List the prime factors of w.
11, 13
Suppose 7*n + 4 = 9*n. List the prime factors of (n + 0)*(3 - -65).
2, 17
Let l be 1*(-3 + 2 + -325). List the prime factors of l/(-6) - 44/(-66).
5, 11
Let p(k) = -k**3 + 17*k**2 - 10*k + 16. What are the prime factors of p(13)?
2, 281
Suppose 21*l = 19*l + 32. Suppose p - 74 = l. List the prime factors of p.
2, 3, 5
Let d(s) = -s**3 - 3 + 0 + s**2 + 4. Let j be d(0). Suppose 0 = -2*x + 3*f + 45, j = 3*x - 4*f - 65. What are the prime factors of x?
2, 3
Let g(l) = -106*l + 120. What are the prime factors of g(-6)?
2, 3, 7
Suppose 5*r = 4*c - 12 - 22, 40 = 5*c - 5*r. List the prime factors of (4 - 16)*(-15)/c.
2, 3, 5
Let p(u) = -u**3 - 10*u**2 - 2*u - 19. Let t be p(-10). Let l(y) = 60*y + 2. What are the prime factors of l(t)?
2, 31
Let z(y) be the first derivative of y**3 - 7*y**2/2 + y - 12. List the prime factors of z(-5).
3, 37
Suppose -177173 = -89*c + 72739. List the prime factors of c.
2, 3, 13
Let y be 20/30 + 115/3. Suppose -218 + y = -q. List the prime factors of q.
179
Suppose y - 438 - 1620 = 0. What are the prime factors of y?
2, 3, 7
Let r(y) = y - 4. Let c(k) = -2*k + 5. Let q(u) = 5*c(u) + 6*r(u). List the prime factors of q(-2).
3
Let y(p) = p - 5. Let v be y(22). Let t(x) = x**3 - 19*x**2 + 34*x + 22. List the prime factors of t(v).
2, 11
List the prime factors of (-4457)/(-8) + (-3)/((-120)/(-5)).
557
What are the prime factors of (-4)/2*(81 + -919)?
2, 419
What are the prime factors of 2 + 6/18*1905?
7, 13
Suppose -16*k = -12*k - 1096. Let t = 153 - k. Let y = -85 - t. List the prime factors of y.
2, 3
Let l(x) = -x**2 - 5*x + 3. Let r be l(-4). Let c = r + -2. Suppose 3*n + 60 = 4*k, c*k + 0*n - 75 = -3*n. What are the prime factors of k?
3, 5
Let s(v) = -v**3 - 26*v**2 - 25*v - 89. List the prime factors of s(-26).
3, 11, 17
Suppose -5*d = x - 16, 4*d - 3 = 3*x - 13. List the prime factors of x/(-2) + 46 + 0.
43
Suppose -2*t = -2, 4*t - 225 = -2*w - 81. List the prime factors of w.
2, 5, 7
Let y = -1566 + 2998. List the prime factors of y.
2, 179
Let s(m) = -607*m - 72. List the prime factors of s(-7).
4177
Let i = -5 - -11. Suppose -i*y = -3*y + 12. List the prime factors of 1095/35 - y/(-14).
31
Suppose r = 10 + 2. Let t(n) = -5 - 1 + 5 + r*n**2 + n. List the prime factors of t(1).
2, 3
Suppose 2*o + 66 = -26. List the prime factors of o/(-8) + 3/12.
2, 3
Suppose 29*r - 34*r + 8120 = 0. What are the prime factors of r?
2, 7, 29
Let n(b) = 2*b + 13. Let k = -33 - -35. Let y(i) = -4*i + 4. Let j be y(k). List the prime factors of n(j).
5
Suppose 0*k - 3*k = -18. Suppose 4*z + 60 = 2*i, -4*z = i - k*i + 120. Suppose 0 = -2*g + i + 2. List the prime factors of g.
11
Let m(v) = 10*v**2 + 6*v - 1. Let o be -1 - 9/(27/6). What are the prime factors of m(o)?
71
Suppose -3*g + 6 = 2*q - 3, -q + 3 = g. Suppose q = 3*u + 2*u - 5445. List the prime factors of 2/(-12) - u/(-54).
2, 5
Let v be (-2)/4 + 7/14. Let s = -7 + v. List the prime factors of (-3 + 4 - s) + 3.
11
Let b(a) be the second derivative of -a**5/20 + 11*a**4/12 + 2*a**3 - 7*a**2/2 - 3*a + 4. What are the prime factors of b(6)?
5, 7
Let h(n) = 4 + 12*n + 3 + 9*n - 4. Let x be h(2). Let b = -32 + x. What are the prime factors of b?
13
Let w be 1*-2 - (-4)/2. Suppose w = -x - 3 + 6. Suppose -x*n = -0 - 72. What are the prime factors of n?
2, 3
Suppose 5836 = 9*c - 12659. List the prime factors of c.
3, 5, 137
Let z(u) = u**2 + 20*u - 40. Let y be z(-22). Suppose -5*j + 184 = 2*r, 4*j - y = -r + 82. What are the prime factors of r?
2, 3, 17
Let g = 443 + -258. Suppose 5*h - 2*x - g = 0, 4*h - 107 = -2*x + 23. Let k = h - 8. List the prime factors of k.
3
Let b(m) = 2*m**2 + 38. Let q be b(0). Suppose n + 11 = q. What are the prime factors of n?
3
Suppose -4*z = 5*n - 3777, -11*z + 